{"id":853,"date":"2018-10-25T10:06:44","date_gmt":"2018-10-25T14:06:44","guid":{"rendered":"https:\/\/famed.ufms.br\/?page_id=853"},"modified":"2018-10-25T10:28:01","modified_gmt":"2018-10-25T14:28:01","slug":"da-criacao-do-curso-de-medicina","status":"publish","type":"page","link":"https:\/\/famed.ufms.br\/en\/da-criacao-do-curso-de-medicina\/","title":{"rendered":"Da cria\u00e7\u00e3o do Curso de medicina"},"content":{"rendered":"<ul>\n<li>\n<p class=\"Texto_Justificado\">Lei Estadual n\u00ba 2.629 &#8211; 26 de julho de 1966 &#8211; Cria\u00e7\u00e3o do Instituto de Ci\u00eancias Biol\u00f3gicas de Campo Grande &#8211; ICB, com a concomitante cria\u00e7\u00e3o do Curso de Medicina nesta estrutura.<\/p>\n<\/li>\n<\/ul>\n<ul>\n<li>\n<p class=\"Texto_Justificado\">Resolu\u00e7\u00e3o COUN n\u00ba 27, de 19 de setembro de 2005, cria\u00e7\u00e3o da Faculdade de Medicina.<\/p>\n<\/li>\n<\/ul>\n<p class=\"Texto_Justificado_Recuo_Primeira_Linha\">Como toda proposta em educa\u00e7\u00e3o, a fundamenta\u00e7\u00e3o legal\u00a0do projeto pedag\u00f3gico \u00e9 fruto de um processo envolvendo reflex\u00e3o e confronto entre diferentes concep\u00e7\u00f5es sobre a forma\u00e7\u00e3o docente e suas pr\u00e1ticas, para o qual contribu\u00edram o pensamento acad\u00eamico, a avalia\u00e7\u00e3o das pol\u00edticas p\u00fablicas e em educa\u00e7\u00e3o, os movimentos sociais, as experi\u00eancias inovadoras em andamento em algumas Institui\u00e7\u00f5es de Ensino Superior (IES).<\/p>\n<p class=\"Texto_Justificado_Recuo_Primeira_Linha\">Para contemplar essa fundamenta\u00e7\u00e3o legal, destaca-se que o projeto pedag\u00f3gico dever\u00e1 atender o disposto:<\/p>\n<ul>\n<li>\n<p class=\"Texto_Justificado\">Lei n\u00ba 9.394\/1996, que estabelece as diretrizes e bases da educa\u00e7\u00e3o nacional (LDB);<\/p>\n<\/li>\n<li>\n<p class=\"Texto_Justificado\">Parecer CNE\/CES n\u00ba 1133\/2001, e a resolu\u00e7\u00e3o no. 4, de 07\/11\/2001, que instituiu as Diretrizes Curriculares Nacionais dos Cursos de Gradua\u00e7\u00e3o em Medicina;<\/p>\n<\/li>\n<li>\n<p class=\"Texto_Justificado\">Resolu\u00e7\u00e3o COEG n\u00ba 93\/2003, que aprova as orienta\u00e7\u00f5es para a elabora\u00e7\u00e3o do Projeto Pedag\u00f3gico de Curso Resolu\u00e7\u00e3o COEG n\u00ba 269\/2013, que aprova o Regulamento do Sistema de Matr\u00edcula por Disciplinas para os cursos de gradua\u00e7\u00e3o da Universidade Federal de Mato Grosso do Sul;<\/p>\n<\/li>\n<li>\n<p class=\"Texto_Justificado\">Resolu\u00e7\u00e3o COUN n\u00b0 71, de 22.09.2011, que aprova o Regimento Geral da UFMS;<\/p>\n<\/li>\n<li>\n<p class=\"Texto_Justificado\">Regimento da FAMED, em fase de elabora\u00e7\u00e3o;<\/p>\n<\/li>\n<li>\n<p class=\"Texto_Justificado\">Portaria 4.054\/2004, que disp\u00f5e sobre Educa\u00e7\u00e3o a Dist\u00e2ncia;<\/p>\n<\/li>\n<li>\n<p class=\"Texto_Justificado\">Decreto n\u00b0. 5.626, de 24 de abril de 2002, que regulamenta a Lei n\u00b0. 10.436, de 24 de abril de 2002, que disp\u00f5e sobre a L\u00edngua Brasileira de Sinais, e o Art. 18 da lei 10.098,, de 19 de dezembro de 2000;<\/p>\n<\/li>\n<li>\n<p class=\"Texto_Justificado\">Lei n\u00ba 10861\/2004 Institui o Sistema Nacional de Avalia\u00e7\u00e3o da Educa\u00e7\u00e3o Superior;<\/p>\n<\/li>\n<li>\n<p class=\"Texto_Justificado\">Resolu\u00e7\u00e3o CNE\/CES n. 2, de 18.06.2007, que disp\u00f5e sobre a carga hor\u00e1ria m\u00ednima e procedimentos \u00e0 integraliza\u00e7\u00e3o e dura\u00e7\u00e3o dos cursos de gradua\u00e7\u00e3o, bacharelado, modalidade presencial;<\/p>\n<\/li>\n<li>\n<p class=\"Texto_Justificado\">Resolu\u00e7\u00e3o Coeg n\u00b0. 107\/2010, que aprova o regulamento de est\u00e1gio na UFMS; Resolu\u00e7\u00e3o Coeg n\u00ba.167\/2010, Coeg, que aprova o Regulamento do N\u00facleo Docente Estruturante \u2013 NDE, dos cursos de gradua\u00e7\u00e3o, presenciais, da UFMS; Resolu\u00e7\u00e3o Coun n\u00ba 78\/2011 que aprova o Regimento Geral da UFMS; Resolu\u00e7\u00e3o Coun n\u00ba 35\/2011 que aprova o Estatuto da UFMS;<\/p>\n<\/li>\n<li>\n<p class=\"Texto_Justificado\">Resolu\u00e7\u00e3o CNE\/CP N\u00ba 1\/2004, que institui Diretrizes Curriculares Nacionais para a Educa\u00e7\u00e3o das Rela\u00e7\u00f5es \u00c9tnico- Raciais e para o Ensino de Hist\u00f3ria e Cultura Afro-Brasileira e Africana;<\/p>\n<\/li>\n<li>\n<p class=\"Texto_Justificado\">Lei 9.795\/1999, que disp\u00f5e sobre a educa\u00e7\u00e3o ambiental, institui a Pol\u00edtica de Educa\u00e7\u00e3o Ambiental e d\u00e1 outras provid\u00eancias;<\/p>\n<\/li>\n<li>\n<p class=\"Texto_Justificado\">Resolu\u00e7\u00e3o n\u00ba 326, Coeg, de 1 de agosto de 2014, que fixa normas para a migra\u00e7\u00e3o dos acad\u00eamicos \u00e0s normas Estruturas Curriculares de sessenta minutos;<\/p>\n<\/li>\n<li>\n<p class=\"Texto_Justificado\">Resolu\u00e7\u00e3o CNE\/CES n\u00ba 3 de 20 de junho de 2014, Institui Diretrizes Curriculares Nacionais do Curso de Gradua\u00e7\u00e3o em Medicina e d\u00e1 outras provid\u00eancias;<\/p>\n<\/li>\n<li>\n<p class=\"Texto_Justificado\">Lei n\u00ba 13.005, de 25 de junho de 2014, que aprova o Plano Nacional de Educa\u00e7\u00e3o (PNE) e d\u00e1 outras provid\u00eancias.Portaria 1.134 de 10 de outubro de 2016, que disp\u00f5e sobre a possibilidade de oferta de disciplinas na modalidade semipresencial;<\/p>\n<\/li>\n<li>\n<p class=\"Texto_Justificado\">Decreto n\u00ba 9.057, de 25 de maio de 2017, que regulamenta a Educa\u00e7\u00e3o a Dist\u00e2ncia;<\/p>\n<\/li>\n<li>\n<p class=\"Texto_Justificado\">Resolu\u00e7\u00e3o n\u00ba 105, Coeg, de 4 de mar\u00e7o de 2016 que aprova as Regras de Transi\u00e7\u00e3o para Altera\u00e7\u00f5es Curriculares;<\/p>\n<\/li>\n<li>\n<p class=\"Texto_Justificado\">Resolu\u00e7\u00e3o n\u00ba 106, Coeg, de 4 de mar\u00e7o de 2016, que orienta a elabora\u00e7\u00e3o do Projeto Pedag\u00f3gico;<\/p>\n<\/li>\n<li>\n<p class=\"Texto_Justificado\">Lei n\u00ba 9.795\/1999, que disp\u00f5e sobre a educa\u00e7\u00e3o ambiental, institui a Pol\u00edtica de Educa\u00e7\u00e3o Ambiental e d\u00e1 outras provid\u00eancias;<\/p>\n<\/li>\n<li>\n<p class=\"Texto_Justificado\">Prote\u00e7\u00e3o dos direitos da Pessoa com Transtorno Autista: Lei n\u00ba12.764\/2012; Decreto n\u00ba 8.368, de 2 de Dezembro de 2014, regulamenta a Lei n\u00ba 12.764, de 27 de dezembro de 2012, que institui a Pol\u00edtica Nacional de Prote\u00e7\u00e3o dos Direitos da Pessoa com Transtorno do Espectro Autista;<\/p>\n<\/li>\n<li>\n<p class=\"Texto_Justificado\">Acessibilidade: Portaria n\u00ba 3284, de 7 de novembro de 2003, Lei n\u00ba 10.098\/2000; Condi\u00e7\u00f5es de acesso para pessoas com defici\u00eancia e\/ou mobilidade reduzida (Dec. N\u00b0 5.296\/2004, com prazo de implanta\u00e7\u00e3o das condi\u00e7\u00f5es at\u00e9 dezembro de 2008);<\/p>\n<\/li>\n<li>\n<p class=\"Texto_Justificado\">Diretrizes Nacionais para a Educa\u00e7\u00e3o em Direitos Humanos (Parecer CNE\/CP n\u00ba 8, de 06\/03\/2012, que originou a Resolu\u00e7\u00e3o CNE\/CP n\u00ba 1, de 30\/05\/2012).<\/p>\n<\/li>\n<\/ul>\n","protected":false},"excerpt":{"rendered":"<p>Lei Estadual n\u00ba 2.629 &#8211; 26 de julho de 1966 &#8211; Cria\u00e7\u00e3o do Instituto de Ci\u00eancias Biol\u00f3gicas de Campo Grande &#8211; ICB, com a concomitante cria\u00e7\u00e3o do Curso de Medicina nesta estrutura. Resolu\u00e7\u00e3o COUN n\u00ba 27, de 19 de setembro de 2005, cria\u00e7\u00e3o da Faculdade de Medicina. Como toda proposta em educa\u00e7\u00e3o, a fundamenta\u00e7\u00e3o legal\u00a0do [&hellip;]<\/p>\n","protected":false},"author":29200,"featured_media":0,"parent":0,"menu_order":0,"comment_status":"closed","ping_status":"closed","template":"","meta":{"footnotes":""},"coauthors":[],"class_list":["post-853","page","type-page","status-publish","hentry"],"_links":{"self":[{"href":"https:\/\/famed.ufms.br\/en\/wp-json\/wp\/v2\/pages\/853","targetHints":{"allow":["GET"]}}],"collection":[{"href":"https:\/\/famed.ufms.br\/en\/wp-json\/wp\/v2\/pages"}],"about":[{"href":"https:\/\/famed.ufms.br\/en\/wp-json\/wp\/v2\/types\/page"}],"author":[{"embeddable":true,"href":"https:\/\/famed.ufms.br\/en\/wp-json\/wp\/v2\/users\/29200"}],"replies":[{"embeddable":true,"href":"https:\/\/famed.ufms.br\/en\/wp-json\/wp\/v2\/comments?post=853"}],"version-history":[{"count":3,"href":"https:\/\/famed.ufms.br\/en\/wp-json\/wp\/v2\/pages\/853\/revisions"}],"predecessor-version":[{"id":862,"href":"https:\/\/famed.ufms.br\/en\/wp-json\/wp\/v2\/pages\/853\/revisions\/862"}],"wp:attachment":[{"href":"https:\/\/famed.ufms.br\/en\/wp-json\/wp\/v2\/media?parent=853"}],"wp:term":[{"taxonomy":"author","embeddable":true,"href":"https:\/\/famed.ufms.br\/en\/wp-json\/wp\/v2\/coauthors?post=853"}],"curies":[{"name":"wp","href":"https:\/\/api.w.org\/{rel}","templated":true}]}}

Da criação do Curso de medicina

<ul>
<li>
<p class="Texto_Justificado">Lei Estadual nº 2.629 &#8211; 26 de julho de 1966 &#8211; Criação do Instituto de Ciências Biológicas de Campo Grande &#8211; ICB, com a concomitante criação do Curso de Medicina nesta estrutura.</p>
</li>
</ul>
<ul>
<li>
<p class="Texto_Justificado">Resolução COUN nº 27, de 19 de setembro de 2005, criação da Faculdade de Medicina.</p>
</li>
</ul>
<p class="Texto_Justificado_Recuo_Primeira_Linha">Como toda proposta em educação, a fundamentação legal do projeto pedagógico é fruto de um processo envolvendo reflexão e confronto entre diferentes concepções sobre a formação docente e suas práticas, para o qual contribuíram o pensamento acadêmico, a avaliação das políticas públicas e em educação, os movimentos sociais, as experiências inovadoras em andamento em algumas Instituições de Ensino Superior (IES).</p>
<p class="Texto_Justificado_Recuo_Primeira_Linha">Para contemplar essa fundamentação legal, destaca-se que o projeto pedagógico deverá atender o disposto:</p>
<ul>
<li>
<p class="Texto_Justificado">Lei nº 9.394/1996, que estabelece as diretrizes e bases da educação nacional (LDB);</p>
</li>
<li>
<p class="Texto_Justificado">Parecer CNE/CES nº 1133/2001, e a resolução no. 4, de 07/11/2001, que instituiu as Diretrizes Curriculares Nacionais dos Cursos de Graduação em Medicina;</p>
</li>
<li>
<p class="Texto_Justificado">Resolução COEG nº 93/2003, que aprova as orientações para a elaboração do Projeto Pedagógico de Curso Resolução COEG nº 269/2013, que aprova o Regulamento do Sistema de Matrícula por Disciplinas para os cursos de graduação da Universidade Federal de Mato Grosso do Sul;</p>
</li>
<li>
<p class="Texto_Justificado">Resolução COUN n° 71, de 22.09.2011, que aprova o Regimento Geral da UFMS;</p>
</li>
<li>
<p class="Texto_Justificado">Regimento da FAMED, em fase de elaboração;</p>
</li>
<li>
<p class="Texto_Justificado">Portaria 4.054/2004, que dispõe sobre Educação a Distância;</p>
</li>
<li>
<p class="Texto_Justificado">Decreto n°. 5.626, de 24 de abril de 2002, que regulamenta a Lei n°. 10.436, de 24 de abril de 2002, que dispõe sobre a Língua Brasileira de Sinais, e o Art. 18 da lei 10.098,, de 19 de dezembro de 2000;</p>
</li>
<li>
<p class="Texto_Justificado">Lei nº 10861/2004 Institui o Sistema Nacional de Avaliação da Educação Superior;</p>
</li>
<li>
<p class="Texto_Justificado">Resolução CNE/CES n. 2, de 18.06.2007, que dispõe sobre a carga horária mínima e procedimentos à integralização e duração dos cursos de graduação, bacharelado, modalidade presencial;</p>
</li>
<li>
<p class="Texto_Justificado">Resolução Coeg n°. 107/2010, que aprova o regulamento de estágio na UFMS; Resolução Coeg nº.167/2010, Coeg, que aprova o Regulamento do Núcleo Docente Estruturante – NDE, dos cursos de graduação, presenciais, da UFMS; Resolução Coun nº 78/2011 que aprova o Regimento Geral da UFMS; Resolução Coun nº 35/2011 que aprova o Estatuto da UFMS;</p>
</li>
<li>
<p class="Texto_Justificado">Resolução CNE/CP Nº 1/2004, que institui Diretrizes Curriculares Nacionais para a Educação das Relações Étnico- Raciais e para o Ensino de História e Cultura Afro-Brasileira e Africana;</p>
</li>
<li>
<p class="Texto_Justificado">Lei 9.795/1999, que dispõe sobre a educação ambiental, institui a Política de Educação Ambiental e dá outras providências;</p>
</li>
<li>
<p class="Texto_Justificado">Resolução nº 326, Coeg, de 1 de agosto de 2014, que fixa normas para a migração dos acadêmicos às normas Estruturas Curriculares de sessenta minutos;</p>
</li>
<li>
<p class="Texto_Justificado">Resolução CNE/CES nº 3 de 20 de junho de 2014, Institui Diretrizes Curriculares Nacionais do Curso de Graduação em Medicina e dá outras providências;</p>
</li>
<li>
<p class="Texto_Justificado">Lei nº 13.005, de 25 de junho de 2014, que aprova o Plano Nacional de Educação (PNE) e dá outras providências.Portaria 1.134 de 10 de outubro de 2016, que dispõe sobre a possibilidade de oferta de disciplinas na modalidade semipresencial;</p>
</li>
<li>
<p class="Texto_Justificado">Decreto nº 9.057, de 25 de maio de 2017, que regulamenta a Educação a Distância;</p>
</li>
<li>
<p class="Texto_Justificado">Resolução nº 105, Coeg, de 4 de março de 2016 que aprova as Regras de Transição para Alterações Curriculares;</p>
</li>
<li>
<p class="Texto_Justificado">Resolução nº 106, Coeg, de 4 de março de 2016, que orienta a elaboração do Projeto Pedagógico;</p>
</li>
<li>
<p class="Texto_Justificado">Lei nº 9.795/1999, que dispõe sobre a educação ambiental, institui a Política de Educação Ambiental e dá outras providências;</p>
</li>
<li>
<p class="Texto_Justificado">Proteção dos direitos da Pessoa com Transtorno Autista: Lei nº12.764/2012; Decreto nº 8.368, de 2 de Dezembro de 2014, regulamenta a Lei nº 12.764, de 27 de dezembro de 2012, que institui a Política Nacional de Proteção dos Direitos da Pessoa com Transtorno do Espectro Autista;</p>
</li>
<li>
<p class="Texto_Justificado">Acessibilidade: Portaria nº 3284, de 7 de novembro de 2003, Lei nº 10.098/2000; Condições de acesso para pessoas com deficiência e/ou mobilidade reduzida (Dec. N° 5.296/2004, com prazo de implantação das condições até dezembro de 2008);</p>
</li>
<li>
<p class="Texto_Justificado">Diretrizes Nacionais para a Educação em Direitos Humanos (Parecer CNE/CP nº 8, de 06/03/2012, que originou a Resolução CNE/CP nº 1, de 30/05/2012).</p>
</li>
</ul>

<p>Lei Estadual nº 2.629 &#8211; 26 de julho de 1966 &#8211; Criação do Instituto de Ciências Biológicas de Campo Grande &#8211; ICB, com a concomitante criação do Curso de Medicina nesta estrutura. Resolução COUN nº 27, de 19 de setembro de 2005, criação da Faculdade de Medicina. Como toda proposta em educação, a fundamentação legal do [&hellip;]</p>
